265
-16b7c24 (base 14) to base 4
-222232202020
What is 210032101300 (base 4) in base 9?
18772537
What is -21541 (base 13) in base 11?
-41273
-1441ba (base 12) to base 4
-1102300132
What is -281237 (base 10) in base 3?
-112021210012
Convert -5822 (base 14) to base 5.
-442233
Convert 811cc (base 13) to base 5.
24343042
-336331 (base 11) to base 9
-1005454
What is -1130032 (base 6) in base 5?
-3331330
What is -14666230 (base 8) in base 14?
-63a280
Convert -13011a5 (base 11) to base 4.
-20212312121
What is -2223035 (base 6) in base 10?
-112127
Convert -73301 (base 8) to base 12.
-15715
Convert -dd0dde (base 15) to base 16.
-a0b90e
-11020034 (base 5) to base 3
-11211100020
-2500 (base 9) to base 11
-1444
Convert -349365 (base 13) to base 16.
-130ce6
460767 (base 8) to base 14
40c99
9599a (base 11) to base 15
2b582
What is 21001011122 (base 3) in base 10?
138635
Convert -20486 (base 14) to base 16.
-12fa6
2e6767 (base 15) to base 14
427a90
Convert 4a5c2 (base 15) to base 16.
39ff5
What is 86b4 (base 15) in base 2?
110111101100111
-c9593 (base 14) to base 15
-99382
What is 165562 (base 10) in base 12?
7b98a
What is 3023324 (base 7) in base 11?
225752
Convert 11110100010001110 (base 2) to base 14.
33818
Convert 4201043 (base 6) to base 9.
337600
Convert -557779 (base 15) to base 13.
-ac8c39
What is -155411 (base 7) in base 6?
-354135
22cd8 (base 15) to base 2
11011000100110111
Convert -2b0060 (base 14) to base 9.
-2733256
What is 2202020121111 (base 3) in base 4?
11210301301
What is 10011100010111000 (base 2) in base 14?
21264
What is 83c92 (base 13) in base 7?
2005423
What is -21653333 (base 7) in base 12?
-767312
Convert 42883 (base 10) to base 3.
2011211021
What is -7a9a9 (base 16) in base 6?
-14432533
Convert -a72871 (base 13) to base 8.
-16745547
-699727 (base 10) to base 9
-1275754
-22b706b (base 12) to base 5
-3204204112
-3463a (base 14) to base 3
-20110211110
Convert -11313312313 (base 4) to base 11.
-961726
Convert 15121033 (base 6) to base 4.
1333320231
What is 141034c (base 14) in base 12?
3308b40
Convert 299ee (base 15) to base 16.
20af2
What is -184c44 (base 16) in base 14?
-2d6460
405053214 (base 6) to base 12
23b720a
101111011011101111011 (base 2) to base 11
97184a
1131110310 (base 4) to base 12
165270
What is -10bab68 (base 13) in base 14?
-986371
What is 3044072 (base 8) in base 11?
4aa828
Convert -ca4a36 (base 14) to base 13.
-155b486
What is 102112301 (base 4) in base 6?
1340025
30103000 (base 4) to base 15
edcd
What is 1010000100000111100 (base 2) in base 12?
13aa24
Convert -744638 (base 14) to base 4.
-32333220022
What is -110011000100111010100 (base 2) in base 7?
-20140355
Convert -679149 (base 10) to base 9.
-1244550
What is 240446 (base 8) in base 10?
82214
What is 132123101313 (base 4) in base 12?
2807933
Convert -1267011 (base 9) to base 14.
-140cca
What is -3b369a (base 12) in base 11?
-60a949
What is -10101101101010000100101 (base 2) in base 6?
-321544245
What is -1001000000101111100 (base 2) in base 5?
-33422132
What is -476767 (base 8) in base 10?
-163319
What is 11343303 (base 5) in base 15?
2166d
What is -1131313330 (base 4) in base 7?
-3161005
-1012033010 (base 4) to base 13
-a0c37
What is -132100301 (base 6) in base 13?
-709a83
What is aeafd9 (base 16) in base 13?
24aab40
-1100010001000001001 (base 2) to base 13
-110c38
1321112303 (base 4) to base 14
cd215
-2ee847 (base 15) to base 16
-22bd09
Convert -122363 (base 10) to base 6.
-2342255
What is 187711 (base 9) in base 3?
12221210101
What is -1110111111000110 (base 2) in base 9?
-103172
What is c6561 (base 13) in base 16?
571e6
Convert 3221004401 (base 5) to base 8.
31772655
-35063101 (base 7) to base 13
-838462
-1211002212221 (base 3) to base 5
-221412241
Convert 43a9030 (base 11) to base 6.
433344535
What is 7b61b (base 12) in base 8?
502267
Convert 1a11b3 (base 14) to base 2.
11100001110110011001
What is 13012010331 (base 5) in base 6?
1321131351
Convert -323232233 (base 5) to base 13.
-395909
Convert -13022c6 (base 14) to base 6.
-524032434
-d071c (base 14) to base 13
-146c47
What is 25282a (base 14) in base 9?
2352648
What is 36473852 (base 9) in base 4?
1003333031132
13141243 (base 5) to base 7
1053260
What is -5015035 (base 7) in base 6?
-20410311
25367 (base 11) to base 8
107025
-11011011001110100100 (base 2) to base 8
-3331644
-64300 (base 11) to base 5
-10443113
Convert 1a6273 (base 12) to base 6.
14001423
What is -3245422 (base 6) in base 16?
-27896
Convert 53a285 (base 14) to base 9.
5286178
What is 1531535 (base 6) in base 13?
31b80
Convert -663554 (base 7) to base 12.
-57555
Convert 3024506 (base 7) to base 3.
200020222002
Convert 60dda (base 16) to base 4.
1200313122
What is -809a24 (base 13) in base 16?
-2da6dd
Convert 201103 (base 4) to base 7.
6133
100201221021002 (base 3) to base 10
5175362
Convert 195703 (base 15) to base 14.
24171b
What is 66525 (base 10) in base 9?
111226
Convert 4ad67f (base 16) to base 10.
4904575
What is 2c449 (base 14) in base 9?
177648
Convert 1100111010110111010000 (base 2) to base 12.
1173b80
Convert -204522 (base 10) to base 15.
-408ec
3043404 (base 5) to base 16
c2be
What is -31222213300 (base 4) in base 15?
-4ab6ed
Convert -26b4a8 (base 14) to base 3.
-2111221101011
Convert -10212001200221 (base 3) to base 14.
-3b4652
What is 1657319 (base 10) in base 6?
55304435
What is -1302301002 (base 6) in base 8?
-72070572
1002011011010 (base 3) to base 4
2030012022
Convert 2884853 (base 9) to base 12.
648b26
Convert 1a932 (base 16) to base 10.
108850
What is 387327 (base 9) in base 13?
82c75
Convert 1101000110101011001110 (base 2) to base 7.
41125126
What is -233523 (base 6) in base 15?
-6023
What is 102201120202 (base 3) in base 5?
24341124
What is 12110102112 (base 3) in base 11?
73824
What is -23213121120 (base 4) in base 15?
-40231c
What is 18721 (base 12) in base 11?
24818
-1000111101 (base 3) to base 10
-20044
Convert 2ba1c2 (base 13) to base 9.
2024158
Convert -165 (base 7) to base 12.
-80
What is 18b82ba (base 12) in base 14?
99bd70
Convert a677c3 (base 16) to base 15.
e57740
Convert -aa39c (base 16) to base 5.
-134302434
Convert -224288 (base 11) to base 16.
-572b6
Convert 2431401 (base 9) to base 13.
372973
What is 1002252522 (base 6) in base 5?
10102144131
15652 (base 16) to base 8
253122
b187c (base 13) to base 5
40132243
-10667655 (base 8) to base 2
-1000110110111110101101
Convert -12020102332 (base 4) to base 11.
-9a827a
Convert -1aa18 (base 16) to base 14.
-2ba76
What is -aab5d6 (base 15) in base 8?
-37027323
What is 1aeead (base 16) in base 11?
aa610a
What is 1574911 (base 11) in base 4?
22033230200
What is 44114252 (base 6) in base 8?
5013070
What is 330549 (base 10) in base 8?
1205465
-1121210 (base 4) to base 3
-21212022
What is -7874851 (base 9) in base 12?
-1506a54
Convert -1010101010101110010001 (base 2) to base 13.
-76bac3
Convert 13231262 (base 8) to base 15.
3d79d3
What is 197311 (base 12) in base 6?
13334021
-5013865 (base 12) to base 5
-12312111234
-570b63 (base 12) to base 9
-2550043
10012110110 (base 3) to base 7
351522
-3446621 (base 8) to base 15
-137b0b
-103501544 (base 6) to base 12
-7578b4
What is -1220100200 (base 3) in base 5?
-2144230
Convert -4d410 (base 16) to base 11.
-1a6816
What is -2359e (base 15) in base 10?
-112649
-79628 (base 11) to base 9
-185044
What is 7400 (base 8) in base 3?
12021020
-101011011110010100 (base 2) to base 3
-100001021010
Convert -12010000212 (base 3) to base 9.
-163025
Convert -653102 (base 7) to base 2.
-11011110100000111
What is -34f04 (base 16) in base 5?
-23414321
-76913 (base 11) to base 3
-12200001110
-874685 (base 14) to base 11
-2650947
What is 110101110000011100100 (base 2) in base 8?
6560344
2300100133 (base 4) to base 6
23250211
-106379 (base 10) to base 5
-11401004
111b4a2 (base 12) to base 5
1314302013
-281727 (base 9) to base 11
-10817a
What is 111122202 (base 3) in base 4?
2123210
What is -22202121202120 (base 3) in base 12?
-1687313
-1265783 (base 10) to base 11
-795002
What is 134021404 (base 6) in base 10?
2709004
Convert -12100112212 (base 3) to base 6.
-2131505
Convert 1327257 (base 8) to base 7.
3110466
What is 617713 (base 15) in base 5?
2141211333
What is -1fe26 (base 16) in base 15?
-28a68
What is 6db8d5 (base 16) in base 6?
414042245
